-1
What is (-40 - -37) + (-2 - -1)?
-4
7 + 1 - (-26 - -14 - -13)
7
What is -3 + (81 - 78 - (1 + -3))?
2
What is the value of (-4 - -8) + (-1 + 0 - -2)?
5
What is -5 + (14 - 9) - (-2 + 5)?
-3
What is the value of 0 - (3 - 5) - 4?
-2
What is the value of 2 + (0 + -10 - -5) + -2?
-5
Evaluate (4 - 2 - -7) + -5.
4
-1 + 2 + -4 + 86 + -87
-4
What is 9 - (9 + (9 - 12))?
3
What is the value of -2 + 4 + 1 + 2?
5
Evaluate 2 - (5 + 0 + 0).
-3
Calculate -50 + 46 + 2 + 0.
-2
-5 + (-3 - 0) - -4
-4
What is 3 - (8 + -1 + (0 - 4))?
0
Evaluate (-2 - (-3 - -2)) + 0.
-1
What is (-5 - -2) + (-37 - -45)?
5
Calculate (7 - 5 - -2) + -2.
2
(-4 - -3) + -2 + (6 - 3)
0
What is 0 - -9 - (4 + 10)?
-5
Evaluate 3 + -8 + -2 - -6.
-1
Calculate 4 - (-3 - (-7 - 1)).
-1
What is 0 + -9 + 0 - -6?
-3
What is -4 + -1 + 18 + -8?
5
(0 + -7 - -4) + 6
3
(-3 + -1 - 0) + 10
6
Evaluate 0 + 2 + -4 + (39 - 38).
-1
What is (3 - -11 - -1) + -9?
6
Evaluate -12 + 0 + (-18 - -26).
-4
What is the value of 9 - -1 - (-5 + (0 - -12))?
3
-3 + 0 + 1 - (-27 + 23)
2
1 + -2 - (24 + -26)
1
What is 1 + (0 - (1 - -4))?
-4
What is the value of 5 - (19 - (3 - -5))?
-6
Calculate (1 - 4) + 0 - (-8 - -6).
-1
Calculate (1 + -1 - 1) + 64 + -62.
1
Evaluate (7 - 3) + (-1 - 1) - -2.
4
What is 2 - -1 - (11 + -6 + 2)?
-4
-1 + -2 - (-5 + 2)
0
What is the value of 2 + (-7 - 0) + 2 - 0?
-3
2 + -1 - (-6 + 12)
-5
What is the value of (6 - 5 - -1) + 3?
5
-2 + 3 + 6 + (-1 - 2)
4
Calculate 0 + (4 - -7) + -8.
3
(-9 - (7 - 18)) + 7
9
What is the value of -5 + (13 - (-5 - -3 - -9))?
1
What is -9 + (-1 - -1 - -7 - 1)?
-3
Calculate 1 + -4 + (2 - 3).
-4
(4 - 3 - 4 - 1) + 0
-4
-3 + 0 + (2 + -1 - -2)
0
(0 - 3) + (181 - 175)
3
What is the value of -9 + -2 - (-6 + 0 + 3)?
-8
-1 + -1 + -176 + 185
7
What is the value of -1 + 9 + -1 + (1 - 5)?
3
What is 2 + 2 + -3 + 1?
2
What is the value of -2 + -14 + 11 - -6?
1
-1 + (5 - 10) - -14 - 2
6
12 - (18 - (7 - 6))
-5
5 - 5 - (-1 + (-2 - -2))
1
What is the value of 0 + (-4 + 2 - -1)?
-1
Calculate -1 - -7 - (4 + 5 + -7).
4
(1 - 2) + (15 - 18) - -5
1
Evaluate -4 + (4 - -3 - 3 - 1).
-1
What is the value of 4 + -9 + (5 - 4)?
-4
What is the value of -13 - (-9 - -2) - (-1 + 1)?
-6
Calculate (0 + -6 - -6) + (-4 - -13).
9
(3 - 9) + -1 + 4
-3
Calculate -7 - (-4 + -7 + -2).
6
-4 + (3 - 5 - -7)
1
What is the value of 2 + 0 + -2 - (-20 + 27)?
-7
What is the value of -11 + (14 + -23 - -12)?
-8
What is the value of 42 - 41 - (9 + (-2 - 0))?
-6
What is the value of -5 + 1 + -6 + 8 - -3?
1
-4 - (2 + (-2 - 0))
-4
What is (1 - 4) + 0 - -8 - 3?
2
Calculate -4 - (2 - (2 - -3 - -3)).
2
Evaluate -4 + 5 + -3 + (-1 - -2).
-1
What is 6 + -3 + -2 - -5?
6
Calculate -15 + 1 + -1 + 50 + -45.
-10
What is the value of 4 + -2 + -1 + 3?
4
What is 1 + -4 + (-3 + 5 - 2)?
-3
158 + -157 - (-2 - (0 - 5))
-2
What is the value of (1 - -2 - 0) + (-45 - -45)?
3
What is the value of 43 + -29 - (20 + 3)?
-9
Calculate 0 + -10 - (-34 + 32).
-8
What is the value of 2 + -3 + 5 + (7 - 6)?
5
3 + (-3 - -4) + -3 - -2
3
6 + (2 - 2) + -5
1
Evaluate -3 - -5 - (1 - 4) - 2.
3
-1 - 0 - (-4 + 2)
1
Evaluate -3 + (-5 - 2) - -14.
4
Calculate (-4 - -9 - 4) + (3 - 1).
3
Evaluate -3 - (-4 + 0 + 6 + -5).
0
What is (-2 - 0) + 0 - (14 - 14)?
-2
What is the value of -1 + -7 - (3 - 6)?
-5
-6 - ((2 - 1) + -3 - 1)
-3
What is the value of 3 + (-2 - (0 + 1)) - 3?
-3
What is the value of (1 - -4) + -4 - (2 + -1)?
0
Evaluate -5 + 6 + 2 + -13.
-10
What is (4 - 6) + -1 + -2?
-5
Calculate (-6 - 4) + 2 + 0 + 2.
-6
Calculate (2 + -2 - 9) + 7.
-2
What is the value of 13 - 16 - (-2 - 3)?
2
(4 - 8 - -7) + -1 + 1
3
What is 4 - (1 + 5 + -2)?
0
Calculate -11 + 5 - (-1 + -3).
-2
Calculate 3 + -3 + -4 + 0 + 1.
-3
Calculate 1 + (-7 - -1) + -14 + 14.
-5
Calculate -2 + (-4 - -3) - -2.
-1
Evaluate 2 + -7 + 3 + -7 + 9.
0
Calculate 4 - -9 - 8 - (1 - -8).
-4
Calculate (2 - -3) + -5 + 0.
0
Calculate (-1 - 12) + (-1 - -9).
-5
What is 4 - (18 + -13 - -2)?
-3
Evaluate 2 + (4 - (5 + -3)).
4
1 + 0 + (0 - 2)
-1
What is 4 - (9 - (7 + -6))?
-4
(-23 - -21) + 0 + -2 - 7
-11
What is the value of -4 - ((-11 + 7 - 4) + 0)?
4
Evaluate -2 - (3 + (2 - 4) + -1).
-2
Calculate -18 + 29 - (6 - 1).
6
0 - ((-9 - (-4 - 0)) + 3)
2
What is 17 + -15 - (-2 + 1 - 0)?
3
12 - ((-8 - -4) + 11)
5
What is 6 - 4 - (3 - -5) - -3?
-3
(4 - (3 + -1)) + -4 + 2
0
What is the value of 0 + -3 + 4 - (2 + -1)?
0
Calculate (1 - (3 - -2)) + 5.
1
Calculate -4 - (4 + 6 + -6).
-8
Evaluate -5 - (-9 + (-6 - (1 + -13))).
-2
-5 + (-3 - (2 - 5))
-5
Calculate -14 - -28 - 13 - (0 - -2).
-1
Evaluate 5 - 1 - (-2 + 17 + -4).
-7
What is the value of -10 + 5 + 6 - (-2 - -7)?
-4
Evaluate -10 - (7 - -1 - 15).
-3
What is the value of 0 + -1 - (2 - (-9 - -5))?
-7
0 + 8 - (36 + -23)
-5
Evaluate -5 - (-13 - (-13 + 1)).
-4
Calculate 0 + 5 - (0 + 3 + -5).
7
5 - -1 - (6 - 5)
5
Calculate 9 + (8 - 16) + 4 + 5.
10
Evaluate (1 - 5) + 0 + 0.
-4
What is the value of 1 + 5 - (-52 - -52)?
6
Evaluate -4 - -7 - (9 + 2 + -4).
-4
What is (12 + -7 - 2) + -1?
2
What is 14 - (-7 - (-10 - 5))?
6
What is the value of (5 - (1 - -2)) + -1?
1
Calculate (-6 + 2 - -13) + -2.
7
What is 11 - (6 + -2 - 1)?
8
What is the value of -2 - -6 - 5 - (0 - 2)?
1
Evaluate 1 - 3 - (6 + 1 + -4).
-5
Evaluate -3 - (-3 + (-4 - 5)) - 5.
4
(-2 - 1) + (-7 - -5 - -13)
8
(3 - 1) + (-41 - -45)
6
What is the value of 1 - (1 - -1) - (-19 - -19)?
-1
What is -4 + (-3 + 0 - (22 + -35))?
6
1 - (-1 - -4 - (-10 - -7))
-5
Evaluate 11 - (-6 + (14 - 5)).
8
What is 3 - (9 - 16) - (1 + 5)?
4
Evaluate 3 + -11 - (-3 - (-1 + 2)).
-4
Calculate 8 + 2 + -3 + -2 + -8.
-3
Evaluate (-1 - 2) + 2 + (7 - 2).
4
What is the value of -12 + 17 + (-8 - -1)?
-2
What is 0 - (-4 + (6 - 1))?
-1
Calculate -2 + (-6 + -2 - -9) + 8.
7
What is 11 + (-12 - -3) + 4?
6
Calculate -2 - -2 - (-5 - (2 + -3)).
4
Evaluate -1 + 2 + -3 - -6.
4
What is the value of -2 - (-4 + (1 - 1) + -3)?
5
Evaluate 11 + 7 + (2 - 11).
9
Evaluate -1 + (7 - 4) + -4.
-2
-6 - 0 - (-1 - 2)
-3
What is the value of -2 - ((-4 - -4) + -1) - 4?
-5
What is the value of 4 - (-4 + 8) - 2?
-2
What is the value of -3 - -4 - (0 - 1 - -3)?
-1
What is the value of 3 + -10 + 4 + 3 + -3?
-3
(3 - (3 + -1 - -4)) + 0
-3
What is 3 + (6 - 1 - 4)?
4
6 - (13 + (-18 - -8 - -3))
0
Calculate 14 + -10 + (9 - (15 + -8)).
6
What is 4 + 1 + -5 - (11 - 6)?
-5
What is the value of 1 + (2 - 3) - (7 - 3)?
-4
Evaluate (3 - 7) + (-13 - -18).
1
1 + -4 + -7 + 2 + 7
-1
Evaluate 0 - 11 - (-32 - -24).
-3
Calculate 57 + -52 + -11 + 2.
-4
Evaluate -7 + (8 - 5 - -1).
-3
What is 15 - (5 + 3) - 3?
4
(1 + 6 - 4) + 4 + -2
5
7 + (1 - (8 + -2))
2
Evaluate (-5 - -11) + 2 - -1 - 6.
3
Calculate 4 - (7 + -5 + 4).
-2
Calculate -2 + -2 + 7 - (-3 - -9).
-3
Calculate 2 + 16 + -16 + 4 + -1.
5
Evaluate -6 - (-4 - -2) - 0.
-4
1 - -4 - (-20 - -29)
-4
(1 - (-2 + 2)) + -4
-3
What is the value of -3 + 0 + (18 - (9 + 8))?
-2
What is (6 - (3 - -2)) + 5?
6
-12 + (12 - 7) + 13
6
What is 1 + -2 + 1 + -3?
-3
Calculate 1 + 5 + (32 - 35) + 4.
7
1 + 3 + -4 + 3 + 1
4
What is 1 + -1 + 0 - (86 + -84)?
-2
What is the value of -8 + 14 + -15 - -4?
-5
What is the value of -7 - (1 - (-1 + 3 - -2))?
-4
What is (-7 - (2 - 5)) + -1?
-5
What is 0 + -9 - (1 - (-2 + 6))?
-6
What is 2 + -2 + 3 - (0 - -8)?
-5
What is the value of 3 + (1 - 3) + -6?
-5
Calculate 4 + (-4 + 0 - (-73 + 73)).
0
What is (12 - 4) + -6 + 1 + -1?
2
What is the value of -6 - (4 - (3 - -2))?
-5
What is 1 - (7 + -2) - (-9 + 3)?
2
(8 - (-12 + 6 + 16)) + 2
0
What is 1 + 1 + (2 - -2 - 4)?
2
Calculate -3 - -6 - (1 - (5 + -1)).
6
(11 + -13 - (0 - 6)) + -3
1
3 + 0 + 0 + 2 + 0
5
-12 + 2 - -4 - -4
-2
What is the value of -8 + 7 + (9 - 4)?
4
Evaluate 4 + (1 - -1) + -14 + 5.
-3
What is (5 - 6) + -5 + 2?
-4
What is 0 + 3 + (5 - 7)?
1
Evaluate 5 - (-2 + 1 + 0 - -1).
5
Calculate 2 + (7 - 11) - 3.
-5
(132 - 135) + (0 - 6)
-9
5 - (3 - (2 + 1))
5
(0 - 1) + -10 + (22 - 8)
3
What is the value of 2 + (6 - 7) - -4?
5
Evaluate -1 - (11 - 5 - 8 - -6).
-5
Calculate -12 - -16 - (4 - 3).
3
Calculate 0 - ((-4 + 14 - 1) + -4).
-5
(1 - (0 + 2 - 5)) + -1
3
Evaluate 13 - (5 + 1) - 3.
4
Calculate 27 + -38 - (-8 + -3).
0
What is the value of -7 + 4 - -4 - 4?
-3
Calculate -4 + 5 - -3 - (-4 + 15).
-7
What is the value of 2 + (-2 - (2 + -8))?
6
Calculate (-25 - -14) + 4 + 1.
-6
Evaluate 4 + 2 - (-2 - (16 + -14)).
10
Calcula